{"id":1298,"date":"2021-09-21T12:26:19","date_gmt":"2021-09-21T18:26:19","guid":{"rendered":"https:\/\/cofradiasantorosario.org.gt\/?page_id=1298"},"modified":"2021-09-28T09:13:22","modified_gmt":"2021-09-28T15:13:22","slug":"asociacion-del-rosario-perpetuo","status":"publish","type":"page","link":"https:\/\/cofradiasantorosario.org.gt\/index.php\/asociacion-del-rosario-perpetuo\/","title":{"rendered":"Asociaci\u00f3n del Rosario Perpetuo"},"content":{"rendered":"\t\t<div data-elementor-type=\"wp-page\" data-elementor-id=\"1298\" class=\"elementor elementor-1298\" data-elementor-settings=\"[]\">\n\t\t\t\t\t\t\t<div class=\"elementor-section-wrap\">\n\t\t\t\t\t\t\t<section class=\"elementor-section elementor-top-section elementor-element elementor-element-e340df1 elementor-section-boxed elementor-section-height-default elementor-section-height-default\" data-id=\"e340df1\" data-element_type=\"section\">\n\t\t\t\t\t\t<div class=\"elementor-container elementor-column-gap-default\">\n\t\t\t\t\t<div class=\"elementor-column elementor-col-100 elementor-top-column elementor-element elementor-element-371aaf5\" data-id=\"371aaf5\" data-element_type=\"column\">\n\t\t\t<div class=\"elementor-widget-wrap elementor-element-populated\">\n\t\t\t\t\t\t\t\t<div class=\"elementor-element elementor-element-266f87a elementor-widget elementor-widget-image\" data-id=\"266f87a\" data-element_type=\"widget\" data-widget_type=\"image.default\">\n\t\t\t\t<div class=\"elementor-widget-container\">\n\t\t\t\t\t\t\t\t\t\t\t\t\t\t\t<img loading=\"lazy\" decoding=\"async\" width=\"1024\" height=\"379\" src=\"https:\/\/i2.wp.com\/cofradiasantorosario.org.gt\/wp-content\/uploads\/2021\/09\/PORTADAS-COFRADIA-PERPETUO-WEB-scaled.jpg?fit=1024%2C379&amp;ssl=1\" class=\"attachment-large size-large\" alt=\"\" srcset=\"https:\/\/i2.wp.com\/cofradiasantorosario.org.gt\/wp-content\/uploads\/2021\/09\/PORTADAS-COFRADIA-PERPETUO-WEB-scaled.jpg?w=2560&amp;ssl=1 2560w, https:\/\/i2.wp.com\/cofradiasantorosario.org.gt\/wp-content\/uploads\/2021\/09\/PORTADAS-COFRADIA-PERPETUO-WEB-scaled.jpg?resize=300%2C111&amp;ssl=1 300w, https:\/\/i2.wp.com\/cofradiasantorosario.org.gt\/wp-content\/uploads\/2021\/09\/PORTADAS-COFRADIA-PERPETUO-WEB-scaled.jpg?resize=1024%2C379&amp;ssl=1 1024w, https:\/\/i2.wp.com\/cofradiasantorosario.org.gt\/wp-content\/uploads\/2021\/09\/PORTADAS-COFRADIA-PERPETUO-WEB-scaled.jpg?resize=768%2C284&amp;ssl=1 768w, https:\/\/i2.wp.com\/cofradiasantorosario.org.gt\/wp-content\/uploads\/2021\/09\/PORTADAS-COFRADIA-PERPETUO-WEB-scaled.jpg?resize=1536%2C569&amp;ssl=1 1536w, https:\/\/i2.wp.com\/cofradiasantorosario.org.gt\/wp-content\/uploads\/2021\/09\/PORTADAS-COFRADIA-PERPETUO-WEB-scaled.jpg?resize=2048%2C759&amp;ssl=1 2048w\" sizes=\"auto, (max-width: 1000px) 100vw, 1000px\" \/>\t\t\t\t\t\t\t\t\t\t\t\t\t\t\t<\/div>\n\t\t\t\t<\/div>\n\t\t\t\t\t<\/div>\n\t\t<\/div>\n\t\t\t\t\t\t\t<\/div>\n\t\t<\/section>\n\t\t\t\t<section class=\"elementor-section elementor-top-section elementor-element elementor-element-d1b8028 elementor-section-boxed elementor-section-height-default elementor-section-height-default\" data-id=\"d1b8028\" data-element_type=\"section\">\n\t\t\t\t\t\t<div class=\"elementor-container elementor-column-gap-default\">\n\t\t\t\t\t<div class=\"elementor-column elementor-col-100 elementor-top-column elementor-element elementor-element-3ba9ada\" data-id=\"3ba9ada\" data-element_type=\"column\">\n\t\t\t<div class=\"elementor-widget-wrap elementor-element-populated\">\n\t\t\t\t\t\t\t\t<div class=\"elementor-element elementor-element-b2bf485 elementor-widget elementor-widget-text-editor\" data-id=\"b2bf485\" data-element_type=\"widget\" data-widget_type=\"text-editor.default\">\n\t\t\t\t<div class=\"elementor-widget-container\">\n\t\t\t\t\t\t\t<p><span style=\"font-size: 24pt; caret-color: #000000; color: #000000; font-family: Calibri, sans-serif; text-align: center;\">El Rosario Perpetuo<\/span><\/p><p style=\"margin: 0cm; font-size: medium; font-family: 'Times New Roman', serif; caret-color: #000000; color: #000000; font-style: normal; text-align: justify;\"><span style=\"font-size: 11pt; letter-spacing: -0.4pt;\">Fue fundada por el obispo Francisco Marroqu\u00edn el 1 de noviembre de 1559. Ha estado siempre bajo la custodia de los Frailes Dominicos por ser una entidad aneja a la Orden de Frailes Predicadores, es la primera Cofradia del Rosario en la Ciudad de Santiago de los Caballeros de Guatemala.<\/span><\/p><p class=\"MsoNormal\" style=\"margin: 0cm; font-size: 11pt; font-family: Calibri, sans-serif; line-height: 15.693333625793457px; caret-color: #000000; color: #000000; font-style: normal; text-align: justify;\"><span style=\"font-family: 'Times New Roman', serif;\">\u00a0<\/span><\/p><p style=\"margin: 0cm 0cm 18pt; font-size: medium; font-family: 'Times New Roman', serif; caret-color: #000000; color: #000000; font-style: normal; text-align: justify;\"><span style=\"font-size: 11pt;\">En Guatemala hay varias Cofrad\u00edas del Rosario, extendidas por toda la Rep\u00fablica, sin embargo, la casa matriz de estas, por decirlo as\u00ed, es la Bas\u00edlica de Nuestra Se\u00f1ora del Rosario del Antiguo Templo de Santo Domingo.<\/span><\/p><p style=\"margin: 0cm 0cm 18pt; font-size: medium; font-family: 'Times New Roman', serif; caret-color: #000000; color: #000000; font-style: normal; text-align: justify;\"><span style=\"font-size: 11pt;\">La Asociaci\u00f3n del Rosario Perpetuo fue fundada en 1891, su prop\u00f3sito principal es que el rezo del Rosario sea ininterrumpido durante todas las horas y d\u00edas del a\u00f1o, para lograr este objetivo La Asociaci\u00f3n del Rosario Perpetuo est\u00e1 integrada por 20 Jefes de Divisi\u00f3n cada una representa un Misterio del Santo Rosario.<\/span><\/p><p style=\"margin: 0cm 0cm 18pt; font-size: medium; font-family: 'Times New Roman', serif; caret-color: #000000; color: #000000; font-style: normal; text-align: justify;\"><span style=\"font-size: 11pt;\">Cada jefe de divisi\u00f3n tiene la consigna de nombrar a 31 personas como Jefes de Secci\u00f3n, uno por cada d\u00eda del mes, a su vez, cada Jefe de Secci\u00f3n deber\u00e1 ingresar 24 personas (como m\u00ednimo) que tienen el deber de rezar durante una hora del d\u00eda especificado en la patente y c\u00e9dula de adhesi\u00f3n a la Cofrad\u00eda del Rosario y de esa manera completar las 24 horas del d\u00eda, siendo as\u00ed El Rosario Perpetuo.\u00a0<\/span><\/p>\t\t\t\t\t\t<\/div>\n\t\t\t\t<\/div>\n\t\t\t\t\t<\/div>\n\t\t<\/div>\n\t\t\t\t\t\t\t<\/div>\n\t\t<\/section>\n\t\t\t\t\t\t<\/div>\n\t\t\t\t\t<\/div>\n\t\t","protected":false},"excerpt":{"rendered":"<p>El Rosario Perpetuo Fue fundada por el obispo Francisco Marroqu\u00edn el 1 de noviembre de 1559. Ha estado siempre bajo la custodia de los Frailes Dominicos por ser una entidad [&hellip;]<\/p>\n","protected":false},"author":2,"featured_media":0,"parent":0,"menu_order":0,"comment_status":"closed","ping_status":"closed","template":"","meta":{"om_disable_all_campaigns":false,"_monsterinsights_skip_tracking":false,"_monsterinsights_sitenote_active":false,"_monsterinsights_sitenote_note":"","_monsterinsights_sitenote_category":0,"site-sidebar-layout":"no-sidebar","site-content-layout":"page-builder","ast-site-content-layout":"","site-content-style":"default","site-sidebar-style":"default","ast-global-header-display":"","ast-banner-title-visibility":"","ast-main-header-display":"","ast-hfb-above-header-display":"","ast-hfb-below-header-display":"","ast-hfb-mobile-header-display":"","site-post-title":"disabled","ast-breadcrumbs-content":"","ast-featured-img":"disabled","footer-sml-layout":"","theme-transparent-header-meta":"default","adv-header-id-meta":"","stick-header-meta":"","header-above-stick-meta":"","header-main-stick-meta":"","header-below-stick-meta":"","astra-migrate-meta-layouts":"default","ast-page-background-enabled":"default","ast-page-background-meta":{"desktop":{"background-color":"","background-image":"","background-repeat":"repeat","background-position":"center center","background-size":"auto","background-attachment":"scroll","background-type":"","background-media":"","overlay-type":"","overlay-color":"","overlay-opacity":"","overlay-gradient":""},"tablet":{"background-color":"","background-image":"","background-repeat":"repeat","background-position":"center center","background-size":"auto","background-attachment":"scroll","background-type":"","background-media":"","overlay-type":"","overlay-color":"","overlay-opacity":"","overlay-gradient":""},"mobile":{"background-color":"","background-image":"","background-repeat":"repeat","background-position":"center center","background-size":"auto","background-attachment":"scroll","background-type":"","background-media":"","overlay-type":"","overlay-color":"","overlay-opacity":"","overlay-gradient":""}},"ast-content-background-meta":{"desktop":{"background-color":"var(--ast-global-color-5)","background-image":"","background-repeat":"repeat","background-position":"center center","background-size":"auto","background-attachment":"scroll","background-type":"","background-media":"","overlay-type":"","overlay-color":"","overlay-opacity":"","overlay-gradient":""},"tablet":{"background-color":"var(--ast-global-color-5)","background-image":"","background-repeat":"repeat","background-position":"center center","background-size":"auto","background-attachment":"scroll","background-type":"","background-media":"","overlay-type":"","overlay-color":"","overlay-opacity":"","overlay-gradient":""},"mobile":{"background-color":"var(--ast-global-color-5)","background-image":"","background-repeat":"repeat","background-position":"center center","background-size":"auto","background-attachment":"scroll","background-type":"","background-media":"","overlay-type":"","overlay-color":"","overlay-opacity":"","overlay-gradient":""}},"spay_email":"","footnotes":""},"class_list":["post-1298","page","type-page","status-publish","hentry"],"jetpack-related-posts":[{"id":758,"url":"https:\/\/cofradiasantorosario.org.gt\/index.php\/rosario-perpetuo-y-rosario-viviente\/","url_meta":{"origin":1298,"position":0},"title":"Rosario Perpetuo Y Rosario Viviente","date":"septiembre 16, 2021","format":false,"excerpt":"","rel":"","context":"Similar post","img":{"alt_text":"","src":"","width":0,"height":0},"classes":[]},{"id":1309,"url":"https:\/\/cofradiasantorosario.org.gt\/index.php\/historia\/","url_meta":{"origin":1298,"position":1},"title":"Historia","date":"septiembre 21, 2021","format":false,"excerpt":"Historia de la Virgen de Plata Conoce aqu\u00ed la historia de la Imagen de Plata de la Virgen del Rosario\u00a0Ver mas La coronaci\u00f3n pontificia CR\u00d3NICAS DE LA CORONACI\u00d3N PONTIFICA DE LA SANT\u00cdSIMA VIRGEN DEL ROSARIO.Ver mas LOS PREPARATIVOS DE LA CORONACI\u00d3NVer mas EL ACONTECIMIENTO HISTORICO DE LA CORONACI\u00d3N\u00a0\u00a0Ver mas JOYAS\u2026","rel":"","context":"Similar post","img":{"alt_text":"","src":"https:\/\/i2.wp.com\/cofradiasantorosario.org.gt\/wp-content\/uploads\/2021\/09\/PORTADAS-HISTORIA-scaled.jpg?resize=350%2C200","width":350,"height":200},"classes":[]},{"id":1299,"url":"https:\/\/cofradiasantorosario.org.gt\/index.php\/asociasion-del-rosario-viviente\/","url_meta":{"origin":1298,"position":2},"title":"Asociasion del Rosario Viviente","date":"septiembre 21, 2021","format":false,"excerpt":"El Rosario VivienteFue fundado en Guatemala en el a\u00f1o de 1938. El Rosario Viviente est\u00e1 enfocado hacia los ni\u00f1os y les ayuda a aprender la devoci\u00f3n desde temprana edad. Los Ni\u00f1os Rezan solo un misterio cada d\u00eda, es una forma de fomentar el h\u00e1bito del rezo del Santo Rosario. Actualmente\u2026","rel":"","context":"Similar post","img":{"alt_text":"","src":"https:\/\/i1.wp.com\/cofradiasantorosario.org.gt\/wp-content\/uploads\/2021\/09\/PORTADAS-COFRADIA-VIVIENTE-WEB-1024x379.jpg?resize=350%2C200","width":350,"height":200},"classes":[]},{"id":1118,"url":"https:\/\/cofradiasantorosario.org.gt\/index.php\/octubre-mes-del-rosario\/","url_meta":{"origin":1298,"position":3},"title":"Octubre Mes del Rosario","date":"septiembre 20, 2021","format":false,"excerpt":"","rel":"","context":"Similar post","img":{"alt_text":"","src":"https:\/\/i1.wp.com\/cofradiasantorosario.org.gt\/wp-content\/uploads\/2021\/09\/PORTADAS-COFRADIA-WEB-OCTUBRE-1024x379.jpg?resize=350%2C200","width":350,"height":200},"classes":[]},{"id":1296,"url":"https:\/\/cofradiasantorosario.org.gt\/index.php\/cofradia-del-santo-rosario\/","url_meta":{"origin":1298,"position":4},"title":"COFRAD\u00cdA DEL SANTO ROSARIO","date":"septiembre 21, 2021","format":false,"excerpt":"","rel":"","context":"Similar post","img":{"alt_text":"","src":"","width":0,"height":0},"classes":[]},{"id":1335,"url":"https:\/\/cofradiasantorosario.org.gt\/index.php\/1335-2\/","url_meta":{"origin":1298,"position":5},"title":"CR\u00d3NICAS DE LA CORONACI\u00d3N PONTIFICA\u2026","date":"septiembre 21, 2021","format":false,"excerpt":"CR\u00d3NICAS DE LA CORONACI\u00d3N PONTIFICA DE LA SANT\u00cdSIMA VIRGEN DEL ROSARIO. \"MADRE, REINA Y PATRONA DE LA REP\u00daBLICA DE GUATEMALA\" LAS PETICIONES Y EL DECRETO PONTIFICIO DE LA CORONACION DE LA VIRGEN Guatemala es un pueblo eminentemente religioso y mariano; mariano hasta la m\u00e9dula. Guatemala es devot\u00edsima de la Virgen\u2026","rel":"","context":"Similar post","img":{"alt_text":"","src":"","width":0,"height":0},"classes":[]}],"_links":{"self":[{"href":"https:\/\/cofradiasantorosario.org.gt\/index.php\/wp-json\/wp\/v2\/pages\/1298","targetHints":{"allow":["GET"]}}],"collection":[{"href":"https:\/\/cofradiasantorosario.org.gt\/index.php\/wp-json\/wp\/v2\/pages"}],"about":[{"href":"https:\/\/cofradiasantorosario.org.gt\/index.php\/wp-json\/wp\/v2\/types\/page"}],"author":[{"embeddable":true,"href":"https:\/\/cofradiasantorosario.org.gt\/index.php\/wp-json\/wp\/v2\/users\/2"}],"replies":[{"embeddable":true,"href":"https:\/\/cofradiasantorosario.org.gt\/index.php\/wp-json\/wp\/v2\/comments?post=1298"}],"version-history":[{"count":8,"href":"https:\/\/cofradiasantorosario.org.gt\/index.php\/wp-json\/wp\/v2\/pages\/1298\/revisions"}],"predecessor-version":[{"id":1818,"href":"https:\/\/cofradiasantorosario.org.gt\/index.php\/wp-json\/wp\/v2\/pages\/1298\/revisions\/1818"}],"wp:attachment":[{"href":"https:\/\/cofradiasantorosario.org.gt\/index.php\/wp-json\/wp\/v2\/media?parent=1298"}],"curies":[{"name":"wp","href":"https:\/\/api.w.org\/{rel}","templated":true}]}}

Asociación del Rosario Perpetuo

<div data-elementor-type="wp-page" data-elementor-id="1298" class="elementor elementor-1298" data-elementor-settings="[]">
							<div class="elementor-section-wrap">
							<section class="elementor-section elementor-top-section elementor-element elementor-element-e340df1 elementor-section-boxed elementor-section-height-default elementor-section-height-default" data-id="e340df1" data-element_type="section">
						<div class="elementor-container elementor-column-gap-default">
					<div class="elementor-column elementor-col-100 elementor-top-column elementor-element elementor-element-371aaf5" data-id="371aaf5" data-element_type="column">
			<div class="elementor-widget-wrap elementor-element-populated">
								<div class="elementor-element elementor-element-266f87a elementor-widget elementor-widget-image" data-id="266f87a" data-element_type="widget" data-widget_type="image.default">
				<div class="elementor-widget-container">
															<img loading="lazy" decoding="async" width="1024" height="379" src="https://i2.wp.com/cofradiasantorosario.org.gt/wp-content/uploads/2021/09/PORTADAS-COFRADIA-PERPETUO-WEB-scaled.jpg?fit=1024%2C379&amp;ssl=1" class="attachment-large size-large" alt="" srcset="https://i2.wp.com/cofradiasantorosario.org.gt/wp-content/uploads/2021/09/PORTADAS-COFRADIA-PERPETUO-WEB-scaled.jpg?w=2560&amp;ssl=1 2560w, https://i2.wp.com/cofradiasantorosario.org.gt/wp-content/uploads/2021/09/PORTADAS-COFRADIA-PERPETUO-WEB-scaled.jpg?resize=300%2C111&amp;ssl=1 300w, https://i2.wp.com/cofradiasantorosario.org.gt/wp-content/uploads/2021/09/PORTADAS-COFRADIA-PERPETUO-WEB-scaled.jpg?resize=1024%2C379&amp;ssl=1 1024w, https://i2.wp.com/cofradiasantorosario.org.gt/wp-content/uploads/2021/09/PORTADAS-COFRADIA-PERPETUO-WEB-scaled.jpg?resize=768%2C284&amp;ssl=1 768w, https://i2.wp.com/cofradiasantorosario.org.gt/wp-content/uploads/2021/09/PORTADAS-COFRADIA-PERPETUO-WEB-scaled.jpg?resize=1536%2C569&amp;ssl=1 1536w, https://i2.wp.com/cofradiasantorosario.org.gt/wp-content/uploads/2021/09/PORTADAS-COFRADIA-PERPETUO-WEB-scaled.jpg?resize=2048%2C759&amp;ssl=1 2048w" sizes="auto, (max-width: 1000px) 100vw, 1000px" />															</div>
				</div>
					</div>
		</div>
							</div>
		</section>
				<section class="elementor-section elementor-top-section elementor-element elementor-element-d1b8028 elementor-section-boxed elementor-section-height-default elementor-section-height-default" data-id="d1b8028" data-element_type="section">
						<div class="elementor-container elementor-column-gap-default">
					<div class="elementor-column elementor-col-100 elementor-top-column elementor-element elementor-element-3ba9ada" data-id="3ba9ada" data-element_type="column">
			<div class="elementor-widget-wrap elementor-element-populated">
								<div class="elementor-element elementor-element-b2bf485 elementor-widget elementor-widget-text-editor" data-id="b2bf485" data-element_type="widget" data-widget_type="text-editor.default">
				<div class="elementor-widget-container">
							<p><span style="font-size: 24pt; caret-color: #000000; color: #000000; font-family: Calibri, sans-serif; text-align: center;">El Rosario Perpetuo</span></p><p style="margin: 0cm; font-size: medium; font-family: 'Times New Roman', serif; caret-color: #000000; color: #000000; font-style: normal; text-align: justify;"><span style="font-size: 11pt; letter-spacing: -0.4pt;">Fue fundada por el obispo Francisco Marroquín el 1 de noviembre de 1559. Ha estado siempre bajo la custodia de los Frailes Dominicos por ser una entidad aneja a la Orden de Frailes Predicadores, es la primera Cofradia del Rosario en la Ciudad de Santiago de los Caballeros de Guatemala.</span></p><p class="MsoNormal" style="margin: 0cm; font-size: 11pt; font-family: Calibri, sans-serif; line-height: 15.693333625793457px; caret-color: #000000; color: #000000; font-style: normal; text-align: justify;"><span style="font-family: 'Times New Roman', serif;"> </span></p><p style="margin: 0cm 0cm 18pt; font-size: medium; font-family: 'Times New Roman', serif; caret-color: #000000; color: #000000; font-style: normal; text-align: justify;"><span style="font-size: 11pt;">En Guatemala hay varias Cofradías del Rosario, extendidas por toda la República, sin embargo, la casa matriz de estas, por decirlo así, es la Basílica de Nuestra Señora del Rosario del Antiguo Templo de Santo Domingo.</span></p><p style="margin: 0cm 0cm 18pt; font-size: medium; font-family: 'Times New Roman', serif; caret-color: #000000; color: #000000; font-style: normal; text-align: justify;"><span style="font-size: 11pt;">La Asociación del Rosario Perpetuo fue fundada en 1891, su propósito principal es que el rezo del Rosario sea ininterrumpido durante todas las horas y días del año, para lograr este objetivo La Asociación del Rosario Perpetuo está integrada por 20 Jefes de División cada una representa un Misterio del Santo Rosario.</span></p><p style="margin: 0cm 0cm 18pt; font-size: medium; font-family: 'Times New Roman', serif; caret-color: #000000; color: #000000; font-style: normal; text-align: justify;"><span style="font-size: 11pt;">Cada jefe de división tiene la consigna de nombrar a 31 personas como Jefes de Sección, uno por cada día del mes, a su vez, cada Jefe de Sección deberá ingresar 24 personas (como mínimo) que tienen el deber de rezar durante una hora del día especificado en la patente y cédula de adhesión a la Cofradía del Rosario y de esa manera completar las 24 horas del día, siendo así El Rosario Perpetuo. </span></p>						</div>
				</div>
					</div>
		</div>
							</div>
		</section>
						</div>
					</div>

<p>El Rosario Perpetuo Fue fundada por el obispo Francisco Marroquín el 1 de noviembre de 1559. Ha estado siempre bajo la custodia de los Frailes Dominicos por ser una entidad [&hellip;]</p>

Historia de la Virgen de Plata Conoce aquí la historia de la Imagen de Plata de la Virgen del Rosario Ver mas La coronación pontificia CRÓNICAS DE LA CORONACIÓN PONTIFICA DE LA SANTÍSIMA VIRGEN DEL ROSARIO.Ver mas LOS PREPARATIVOS DE LA CORONACIÓNVer mas EL ACONTECIMIENTO HISTORICO DE LA CORONACIÓN  Ver mas JOYAS…

El Rosario VivienteFue fundado en Guatemala en el año de 1938. El Rosario Viviente está enfocado hacia los niños y les ayuda a aprender la devoción desde temprana edad. Los Niños Rezan solo un misterio cada día, es una forma de fomentar el hábito del rezo del Santo Rosario. Actualmente…

COFRADÍA DEL SANTO ROSARIO

CRÓNICAS DE LA CORONACIÓN PONTIFICA…

CRÓNICAS DE LA CORONACIÓN PONTIFICA DE LA SANTÍSIMA VIRGEN DEL ROSARIO. "MADRE, REINA Y PATRONA DE LA REPÚBLICA DE GUATEMALA" LAS PETICIONES Y EL DECRETO PONTIFICIO DE LA CORONACION DE LA VIRGEN Guatemala es un pueblo eminentemente religioso y mariano; mariano hasta la médula. Guatemala es devotísima de la Virgen…
