{"id":1130,"date":"2021-09-20T12:02:39","date_gmt":"2021-09-20T18:02:39","guid":{"rendered":"https:\/\/cofradiasantorosario.org.gt\/?page_id=1130"},"modified":"2021-09-20T13:21:45","modified_gmt":"2021-09-20T19:21:45","slug":"octubre-2021","status":"publish","type":"page","link":"https:\/\/cofradiasantorosario.org.gt\/index.php\/octubre-2021\/","title":{"rendered":"Octubre 2021"},"content":{"rendered":"\t\t<div data-elementor-type=\"wp-page\" data-elementor-id=\"1130\" class=\"elementor elementor-1130\" data-elementor-settings=\"[]\">\n\t\t\t\t\t\t\t<div class=\"elementor-section-wrap\">\n\t\t\t\t\t\t\t<section class=\"elementor-section elementor-top-section elementor-element elementor-element-affdf3e elementor-section-boxed elementor-section-height-default elementor-section-height-default\" data-id=\"affdf3e\" data-element_type=\"section\">\n\t\t\t\t\t\t<div class=\"elementor-container elementor-column-gap-default\">\n\t\t\t\t\t<div class=\"elementor-column elementor-col-100 elementor-top-column elementor-element elementor-element-b8bb6f3\" data-id=\"b8bb6f3\" data-element_type=\"column\">\n\t\t\t<div class=\"elementor-widget-wrap elementor-element-populated\">\n\t\t\t\t\t\t\t\t<div class=\"elementor-element elementor-element-05a03e2 elementor-widget elementor-widget-spacer\" data-id=\"05a03e2\" data-element_type=\"widget\" data-widget_type=\"spacer.default\">\n\t\t\t\t<div class=\"elementor-widget-container\">\n\t\t\t\t\t<div class=\"elementor-spacer\">\n\t\t\t<div class=\"elementor-spacer-inner\"><\/div>\n\t\t<\/div>\n\t\t\t\t<\/div>\n\t\t\t\t<\/div>\n\t\t\t\t\t<\/div>\n\t\t<\/div>\n\t\t\t\t\t\t\t<\/div>\n\t\t<\/section>\n\t\t\t\t<section class=\"elementor-section elementor-top-section elementor-element elementor-element-f192d89 elementor-section-boxed elementor-section-height-default elementor-section-height-default\" data-id=\"f192d89\" data-element_type=\"section\">\n\t\t\t\t\t\t<div class=\"elementor-container elementor-column-gap-default\">\n\t\t\t\t\t<div class=\"elementor-column elementor-col-100 elementor-top-column elementor-element elementor-element-30015f8\" data-id=\"30015f8\" data-element_type=\"column\">\n\t\t\t<div class=\"elementor-widget-wrap\">\n\t\t\t\t\t\t\t\t\t<\/div>\n\t\t<\/div>\n\t\t\t\t\t\t\t<\/div>\n\t\t<\/section>\n\t\t\t\t<section class=\"elementor-section elementor-top-section elementor-element elementor-element-4f486d1 elementor-section-boxed elementor-section-height-default elementor-section-height-default\" data-id=\"4f486d1\" data-element_type=\"section\">\n\t\t\t\t\t\t<div class=\"elementor-container elementor-column-gap-default\">\n\t\t\t\t\t<div class=\"elementor-column elementor-col-100 elementor-top-column elementor-element elementor-element-8302c1f\" data-id=\"8302c1f\" data-element_type=\"column\">\n\t\t\t<div class=\"elementor-widget-wrap elementor-element-populated\">\n\t\t\t\t\t\t\t\t<div class=\"elementor-element elementor-element-bab92ce elementor-widget elementor-widget-heading\" data-id=\"bab92ce\" data-element_type=\"widget\" data-widget_type=\"heading.default\">\n\t\t\t\t<div class=\"elementor-widget-container\">\n\t\t\t<h2 class=\"elementor-heading-title elementor-size-default\">MAR\u00cdA AUXILIO DE LOS CRISTIANOS <\/h2>\t\t<\/div>\n\t\t\t\t<\/div>\n\t\t\t\t<div class=\"elementor-element elementor-element-7f2dc6d elementor-widget elementor-widget-text-editor\" data-id=\"7f2dc6d\" data-element_type=\"widget\" data-widget_type=\"text-editor.default\">\n\t\t\t\t<div class=\"elementor-widget-container\">\n\t\t\t\t\t\t\t<h4 style=\"font-style: normal; text-align: center;\">Permanezcamos un\u00e1nimes en oraci\u00f3n con la madre de Jes\u00fas\u00a0<\/h4><h4 style=\"font-style: normal; text-align: center;\"><a title=\"Octubre 2021\" href=\"https:\/\/www.facebook.com\/cofradiadelsantorosario.org\/photos\/2961632557436172\">Octubre 2021<\/a><\/h4>\t\t\t\t\t\t<\/div>\n\t\t\t\t<\/div>\n\t\t\t\t\t<\/div>\n\t\t<\/div>\n\t\t\t\t\t\t\t<\/div>\n\t\t<\/section>\n\t\t\t\t<section class=\"elementor-section elementor-top-section elementor-element elementor-element-bea41a6 elementor-section-boxed elementor-section-height-default elementor-section-height-default\" data-id=\"bea41a6\" data-element_type=\"section\">\n\t\t\t\t\t\t<div class=\"elementor-container elementor-column-gap-default\">\n\t\t\t\t\t<div class=\"elementor-column elementor-col-100 elementor-top-column elementor-element elementor-element-c111145\" data-id=\"c111145\" data-element_type=\"column\">\n\t\t\t<div class=\"elementor-widget-wrap elementor-element-populated\">\n\t\t\t\t\t\t\t\t<div class=\"elementor-element elementor-element-3776b49 elementor-widget elementor-widget-image\" data-id=\"3776b49\" data-element_type=\"widget\" data-widget_type=\"image.default\">\n\t\t\t\t<div class=\"elementor-widget-container\">\n\t\t\t\t\t\t\t\t\t\t\t\t\t\t\t\t<a href=\"https:\/\/www.facebook.com\/cofradiadelsantorosario.org\/photos\/2961632557436172\" target=\"_blank\">\n\t\t\t\t\t\t\t<img loading=\"lazy\" decoding=\"async\" width=\"1024\" height=\"768\" src=\"https:\/\/i2.wp.com\/cofradiasantorosario.org.gt\/wp-content\/uploads\/2021\/09\/WhatsApp-Image-2021-08-28-at-9.07.52-AM.jpeg?fit=1024%2C768&amp;ssl=1\" class=\"attachment-large size-large\" alt=\"\" srcset=\"https:\/\/i2.wp.com\/cofradiasantorosario.org.gt\/wp-content\/uploads\/2021\/09\/WhatsApp-Image-2021-08-28-at-9.07.52-AM.jpeg?w=1600&amp;ssl=1 1600w, https:\/\/i2.wp.com\/cofradiasantorosario.org.gt\/wp-content\/uploads\/2021\/09\/WhatsApp-Image-2021-08-28-at-9.07.52-AM.jpeg?resize=300%2C225&amp;ssl=1 300w, https:\/\/i2.wp.com\/cofradiasantorosario.org.gt\/wp-content\/uploads\/2021\/09\/WhatsApp-Image-2021-08-28-at-9.07.52-AM.jpeg?resize=1024%2C768&amp;ssl=1 1024w, https:\/\/i2.wp.com\/cofradiasantorosario.org.gt\/wp-content\/uploads\/2021\/09\/WhatsApp-Image-2021-08-28-at-9.07.52-AM.jpeg?resize=768%2C576&amp;ssl=1 768w, https:\/\/i2.wp.com\/cofradiasantorosario.org.gt\/wp-content\/uploads\/2021\/09\/WhatsApp-Image-2021-08-28-at-9.07.52-AM.jpeg?resize=1536%2C1152&amp;ssl=1 1536w\" sizes=\"auto, (max-width: 1000px) 100vw, 1000px\" \/>\t\t\t\t\t\t\t\t<\/a>\n\t\t\t\t\t\t\t\t\t\t\t\t\t\t\t<\/div>\n\t\t\t\t<\/div>\n\t\t\t\t\t<\/div>\n\t\t<\/div>\n\t\t\t\t\t\t\t<\/div>\n\t\t<\/section>\n\t\t\t\t\t\t<\/div>\n\t\t\t\t\t<\/div>\n\t\t","protected":false},"excerpt":{"rendered":"<p>MAR\u00cdA AUXILIO DE LOS CRISTIANOS Permanezcamos un\u00e1nimes en oraci\u00f3n con la madre de Jes\u00fas\u00a0 Octubre 2021<\/p>\n","protected":false},"author":2,"featured_media":0,"parent":0,"menu_order":0,"comment_status":"closed","ping_status":"closed","template":"","meta":{"om_disable_all_campaigns":false,"_monsterinsights_skip_tracking":false,"_monsterinsights_sitenote_active":false,"_monsterinsights_sitenote_note":"","_monsterinsights_sitenote_category":0,"site-sidebar-layout":"no-sidebar","site-content-layout":"page-builder","ast-site-content-layout":"","site-content-style":"default","site-sidebar-style":"default","ast-global-header-display":"","ast-banner-title-visibility":"","ast-main-header-display":"","ast-hfb-above-header-display":"","ast-hfb-below-header-display":"","ast-hfb-mobile-header-display":"","site-post-title":"disabled","ast-breadcrumbs-content":"","ast-featured-img":"disabled","footer-sml-layout":"","theme-transparent-header-meta":"","adv-header-id-meta":"","stick-header-meta":"","header-above-stick-meta":"","header-main-stick-meta":"","header-below-stick-meta":"","astra-migrate-meta-layouts":"default","ast-page-background-enabled":"default","ast-page-background-meta":{"desktop":{"background-color":"","background-image":"","background-repeat":"repeat","background-position":"center center","background-size":"auto","background-attachment":"scroll","background-type":"","background-media":"","overlay-type":"","overlay-color":"","overlay-opacity":"","overlay-gradient":""},"tablet":{"background-color":"","background-image":"","background-repeat":"repeat","background-position":"center center","background-size":"auto","background-attachment":"scroll","background-type":"","background-media":"","overlay-type":"","overlay-color":"","overlay-opacity":"","overlay-gradient":""},"mobile":{"background-color":"","background-image":"","background-repeat":"repeat","background-position":"center center","background-size":"auto","background-attachment":"scroll","background-type":"","background-media":"","overlay-type":"","overlay-color":"","overlay-opacity":"","overlay-gradient":""}},"ast-content-background-meta":{"desktop":{"background-color":"var(--ast-global-color-5)","background-image":"","background-repeat":"repeat","background-position":"center center","background-size":"auto","background-attachment":"scroll","background-type":"","background-media":"","overlay-type":"","overlay-color":"","overlay-opacity":"","overlay-gradient":""},"tablet":{"background-color":"var(--ast-global-color-5)","background-image":"","background-repeat":"repeat","background-position":"center center","background-size":"auto","background-attachment":"scroll","background-type":"","background-media":"","overlay-type":"","overlay-color":"","overlay-opacity":"","overlay-gradient":""},"mobile":{"background-color":"var(--ast-global-color-5)","background-image":"","background-repeat":"repeat","background-position":"center center","background-size":"auto","background-attachment":"scroll","background-type":"","background-media":"","overlay-type":"","overlay-color":"","overlay-opacity":"","overlay-gradient":""}},"spay_email":"","footnotes":""},"class_list":["post-1130","page","type-page","status-publish","hentry"],"jetpack-related-posts":[{"id":13,"url":"https:\/\/cofradiasantorosario.org.gt\/index.php\/about\/","url_meta":{"origin":1130,"position":0},"title":"About","date":"enero 29, 2021","format":false,"excerpt":"AUXILIO DE LOS CRISTIANOS Permanezcamos un\u00e1nimes en oraci\u00f3n con la madre de Jes\u00fas\u00a0 Devocionario Mariano\u00a0Ave Mar\u00edaDios te salve, Mar\u00eda, llena de gracia, el Se\u00f1or es contigo. Bendita eres entre todas las mujeres y bendito es el fruto de tu vientre, Jes\u00fas.Santa Mar\u00eda, Madre de Dios, ruega por nosotros pecadores ahora\u2026","rel":"","context":"Similar post","img":{"alt_text":"","src":"https:\/\/i2.wp.com\/cofradiasantorosario.org.gt\/wp-content\/uploads\/2021\/09\/WhatsApp-Image-2021-08-28-at-9.07.52-AM.jpeg?resize=350%2C200","width":350,"height":200},"classes":[]},{"id":207,"url":"https:\/\/cofradiasantorosario.org.gt\/index.php\/classes\/","url_meta":{"origin":1130,"position":1},"title":"Classes","date":"febrero 1, 2021","format":false,"excerpt":"Recemos el rosario GUIA PARA REZAR EL SANTO ROSARIO\u00a0La se\u00f1al de la cruz\u00a0Por la se\u00f1al de la Santa Cruz, de nuestros enemigos l\u00edbranos Se\u00f1or Dios Nuestro.En el nombre del Padre, del Hijo y del Esp\u00edritu Santo.Acto de Contrici\u00f3nSe\u00f1or m\u00edo, Jesucristo, Dios y hombre verdadero, Creador, Padre y Redentor M\u00edo. Por\u2026","rel":"","context":"Similar post","img":{"alt_text":"","src":"https:\/\/i1.wp.com\/cofradiasantorosario.org.gt\/wp-content\/uploads\/2021\/09\/RECEMOS-EL-ROSARIO-1024x379.jpg?resize=350%2C200","width":350,"height":200},"classes":[]},{"id":1335,"url":"https:\/\/cofradiasantorosario.org.gt\/index.php\/1335-2\/","url_meta":{"origin":1130,"position":2},"title":"CR\u00d3NICAS DE LA CORONACI\u00d3N PONTIFICA\u2026","date":"septiembre 21, 2021","format":false,"excerpt":"CR\u00d3NICAS DE LA CORONACI\u00d3N PONTIFICA DE LA SANT\u00cdSIMA VIRGEN DEL ROSARIO. \"MADRE, REINA Y PATRONA DE LA REP\u00daBLICA DE GUATEMALA\" LAS PETICIONES Y EL DECRETO PONTIFICIO DE LA CORONACION DE LA VIRGEN Guatemala es un pueblo eminentemente religioso y mariano; mariano hasta la m\u00e9dula. Guatemala es devot\u00edsima de la Virgen\u2026","rel":"","context":"Similar post","img":{"alt_text":"","src":"","width":0,"height":0},"classes":[]},{"id":618,"url":"https:\/\/cofradiasantorosario.org.gt\/index.php\/618-2\/","url_meta":{"origin":1130,"position":3},"title":"Viernes 01 Octubre S\u00e1bado 02\u2026","date":"septiembre 14, 2021","format":false,"excerpt":"Viernes 01 Octubre S\u00e1bado 02 Octubre Viernes 01 Octubre Evangelio del d\u00eda Vig\u00e9simo Sexta semana del Tiempo Ordinario\u00a0 S\u00e1bado 02 Octubre Evangelio del d\u00edaVig\u00e9simo sexta semana del Tiempo Ordinario\u00a0 Domingo 03 Octubre Lunes 04 Octubre Martes 05 Octubre Mi\u00e9rcoles 06 Octubre Jueves 07 Octubre Viernes 08 Octubre S\u00e1bado 09 Octubre\u2026","rel":"","context":"Similar post","img":{"alt_text":"","src":"https:\/\/i2.wp.com\/cofradiasantorosario.org.gt\/wp-content\/uploads\/2021\/09\/EVANGELIO-DEL-DIA.jpg?resize=350%2C200","width":350,"height":200},"classes":[]},{"id":1300,"url":"https:\/\/cofradiasantorosario.org.gt\/index.php\/santo-del-dia\/","url_meta":{"origin":1130,"position":4},"title":"Santo del Dia","date":"septiembre 21, 2021","format":false,"excerpt":"Santa Teresa del Ni\u00f1o Jes\u00fas ( 1 de Octubre) Fue una religiosa que no destac\u00f3 entre las hermanas que conviv\u00edan con ella. Sin embargo, poco despu\u00e9s de su muerte, sus tres manuscritos se convirtieron en cl\u00e1sicos de la literatura espiritual. En especial su Historia de un alma, que recoge una\u2026","rel":"","context":"Similar post","img":{"alt_text":"","src":"https:\/\/i1.wp.com\/cofradiasantorosario.org.gt\/wp-content\/uploads\/2021\/09\/PORTADAS-COFRADIA-SANTO-WEB-scaled.jpg?resize=350%2C200","width":350,"height":200},"classes":[]},{"id":1118,"url":"https:\/\/cofradiasantorosario.org.gt\/index.php\/octubre-mes-del-rosario\/","url_meta":{"origin":1130,"position":5},"title":"Octubre Mes del Rosario","date":"septiembre 20, 2021","format":false,"excerpt":"","rel":"","context":"Similar post","img":{"alt_text":"","src":"https:\/\/i1.wp.com\/cofradiasantorosario.org.gt\/wp-content\/uploads\/2021\/09\/PORTADAS-COFRADIA-WEB-OCTUBRE-1024x379.jpg?resize=350%2C200","width":350,"height":200},"classes":[]}],"_links":{"self":[{"href":"https:\/\/cofradiasantorosario.org.gt\/index.php\/wp-json\/wp\/v2\/pages\/1130","targetHints":{"allow":["GET"]}}],"collection":[{"href":"https:\/\/cofradiasantorosario.org.gt\/index.php\/wp-json\/wp\/v2\/pages"}],"about":[{"href":"https:\/\/cofradiasantorosario.org.gt\/index.php\/wp-json\/wp\/v2\/types\/page"}],"author":[{"embeddable":true,"href":"https:\/\/cofradiasantorosario.org.gt\/index.php\/wp-json\/wp\/v2\/users\/2"}],"replies":[{"embeddable":true,"href":"https:\/\/cofradiasantorosario.org.gt\/index.php\/wp-json\/wp\/v2\/comments?post=1130"}],"version-history":[{"count":16,"href":"https:\/\/cofradiasantorosario.org.gt\/index.php\/wp-json\/wp\/v2\/pages\/1130\/revisions"}],"predecessor-version":[{"id":1176,"href":"https:\/\/cofradiasantorosario.org.gt\/index.php\/wp-json\/wp\/v2\/pages\/1130\/revisions\/1176"}],"wp:attachment":[{"href":"https:\/\/cofradiasantorosario.org.gt\/index.php\/wp-json\/wp\/v2\/media?parent=1130"}],"curies":[{"name":"wp","href":"https:\/\/api.w.org\/{rel}","templated":true}]}}

<div data-elementor-type="wp-page" data-elementor-id="1130" class="elementor elementor-1130" data-elementor-settings="[]">
							<div class="elementor-section-wrap">
							<section class="elementor-section elementor-top-section elementor-element elementor-element-affdf3e elementor-section-boxed elementor-section-height-default elementor-section-height-default" data-id="affdf3e" data-element_type="section">
						<div class="elementor-container elementor-column-gap-default">
					<div class="elementor-column elementor-col-100 elementor-top-column elementor-element elementor-element-b8bb6f3" data-id="b8bb6f3" data-element_type="column">
			<div class="elementor-widget-wrap elementor-element-populated">
								<div class="elementor-element elementor-element-05a03e2 elementor-widget elementor-widget-spacer" data-id="05a03e2" data-element_type="widget" data-widget_type="spacer.default">
				<div class="elementor-widget-container">
					<div class="elementor-spacer">
			<div class="elementor-spacer-inner"></div>
		</div>
				</div>
				</div>
					</div>
		</div>
							</div>
		</section>
				<section class="elementor-section elementor-top-section elementor-element elementor-element-f192d89 elementor-section-boxed elementor-section-height-default elementor-section-height-default" data-id="f192d89" data-element_type="section">
						<div class="elementor-container elementor-column-gap-default">
					<div class="elementor-column elementor-col-100 elementor-top-column elementor-element elementor-element-30015f8" data-id="30015f8" data-element_type="column">
			<div class="elementor-widget-wrap">
									</div>
		</div>
							</div>
		</section>
				<section class="elementor-section elementor-top-section elementor-element elementor-element-4f486d1 elementor-section-boxed elementor-section-height-default elementor-section-height-default" data-id="4f486d1" data-element_type="section">
						<div class="elementor-container elementor-column-gap-default">
					<div class="elementor-column elementor-col-100 elementor-top-column elementor-element elementor-element-8302c1f" data-id="8302c1f" data-element_type="column">
			<div class="elementor-widget-wrap elementor-element-populated">
								<div class="elementor-element elementor-element-bab92ce elementor-widget elementor-widget-heading" data-id="bab92ce" data-element_type="widget" data-widget_type="heading.default">
				<div class="elementor-widget-container">
			<h2 class="elementor-heading-title elementor-size-default">MARÍA AUXILIO DE LOS CRISTIANOS </h2>		</div>
				</div>
				<div class="elementor-element elementor-element-7f2dc6d elementor-widget elementor-widget-text-editor" data-id="7f2dc6d" data-element_type="widget" data-widget_type="text-editor.default">
				<div class="elementor-widget-container">
							<h4 style="font-style: normal; text-align: center;">Permanezcamos unánimes en oración con la madre de Jesús </h4><h4 style="font-style: normal; text-align: center;"><a title="Octubre 2021" href="https://www.facebook.com/cofradiadelsantorosario.org/photos/2961632557436172">Octubre 2021</a></h4>						</div>
				</div>
					</div>
		</div>
							</div>
		</section>
				<section class="elementor-section elementor-top-section elementor-element elementor-element-bea41a6 elementor-section-boxed elementor-section-height-default elementor-section-height-default" data-id="bea41a6" data-element_type="section">
						<div class="elementor-container elementor-column-gap-default">
					<div class="elementor-column elementor-col-100 elementor-top-column elementor-element elementor-element-c111145" data-id="c111145" data-element_type="column">
			<div class="elementor-widget-wrap elementor-element-populated">
								<div class="elementor-element elementor-element-3776b49 elementor-widget elementor-widget-image" data-id="3776b49" data-element_type="widget" data-widget_type="image.default">
				<div class="elementor-widget-container">
																<a href="https://www.facebook.com/cofradiadelsantorosario.org/photos/2961632557436172" target="_blank">
							<img loading="lazy" decoding="async" width="1024" height="768" src="https://i2.wp.com/cofradiasantorosario.org.gt/wp-content/uploads/2021/09/WhatsApp-Image-2021-08-28-at-9.07.52-AM.jpeg?fit=1024%2C768&amp;ssl=1" class="attachment-large size-large" alt="" srcset="https://i2.wp.com/cofradiasantorosario.org.gt/wp-content/uploads/2021/09/WhatsApp-Image-2021-08-28-at-9.07.52-AM.jpeg?w=1600&amp;ssl=1 1600w, https://i2.wp.com/cofradiasantorosario.org.gt/wp-content/uploads/2021/09/WhatsApp-Image-2021-08-28-at-9.07.52-AM.jpeg?resize=300%2C225&amp;ssl=1 300w, https://i2.wp.com/cofradiasantorosario.org.gt/wp-content/uploads/2021/09/WhatsApp-Image-2021-08-28-at-9.07.52-AM.jpeg?resize=1024%2C768&amp;ssl=1 1024w, https://i2.wp.com/cofradiasantorosario.org.gt/wp-content/uploads/2021/09/WhatsApp-Image-2021-08-28-at-9.07.52-AM.jpeg?resize=768%2C576&amp;ssl=1 768w, https://i2.wp.com/cofradiasantorosario.org.gt/wp-content/uploads/2021/09/WhatsApp-Image-2021-08-28-at-9.07.52-AM.jpeg?resize=1536%2C1152&amp;ssl=1 1536w" sizes="auto, (max-width: 1000px) 100vw, 1000px" />								</a>
															</div>
				</div>
					</div>
		</div>
							</div>
		</section>
						</div>
					</div>

<p>MARÍA AUXILIO DE LOS CRISTIANOS Permanezcamos unánimes en oración con la madre de Jesús  Octubre 2021</p>

AUXILIO DE LOS CRISTIANOS Permanezcamos unánimes en oración con la madre de Jesús  Devocionario Mariano Ave MaríaDios te salve, María, llena de gracia, el Señor es contigo. Bendita eres entre todas las mujeres y bendito es el fruto de tu vientre, Jesús.Santa María, Madre de Dios, ruega por nosotros pecadores ahora…

Recemos el rosario GUIA PARA REZAR EL SANTO ROSARIO La señal de la cruz Por la señal de la Santa Cruz, de nuestros enemigos líbranos Señor Dios Nuestro.En el nombre del Padre, del Hijo y del Espíritu Santo.Acto de ContriciónSeñor mío, Jesucristo, Dios y hombre verdadero, Creador, Padre y Redentor Mío. Por…

CRÓNICAS DE LA CORONACIÓN PONTIFICA…

CRÓNICAS DE LA CORONACIÓN PONTIFICA DE LA SANTÍSIMA VIRGEN DEL ROSARIO. "MADRE, REINA Y PATRONA DE LA REPÚBLICA DE GUATEMALA" LAS PETICIONES Y EL DECRETO PONTIFICIO DE LA CORONACION DE LA VIRGEN Guatemala es un pueblo eminentemente religioso y mariano; mariano hasta la médula. Guatemala es devotísima de la Virgen…

Viernes 01 Octubre Sábado 02…

Viernes 01 Octubre Sábado 02 Octubre Viernes 01 Octubre Evangelio del día Vigésimo Sexta semana del Tiempo Ordinario  Sábado 02 Octubre Evangelio del díaVigésimo sexta semana del Tiempo Ordinario  Domingo 03 Octubre Lunes 04 Octubre Martes 05 Octubre Miércoles 06 Octubre Jueves 07 Octubre Viernes 08 Octubre Sábado 09 Octubre…

Santa Teresa del Niño Jesús ( 1 de Octubre) Fue una religiosa que no destacó entre las hermanas que convivían con ella. Sin embargo, poco después de su muerte, sus tres manuscritos se convirtieron en clásicos de la literatura espiritual. En especial su Historia de un alma, que recoge una…
